m + 4. Let n be k(0). Suppose 4 = 3*y + 5*b, -y - 28 = -2*y + 5*b. Suppose 3*v - 2*v = y. What is the highest common factor of n and v?
4
Let t = 11 - 17. Let h be 6*1*(-39)/t. Let q(j) = 3*j**2 + 7*j + 6. Let r be q(-4). Calculate the greatest common factor of h and r.
13
Let q be 6/(-9) + 46/6. Suppose -4*c = -3*c - 3*g - 7, 0 = 3*c + 5*g + q. Let w = 17 - c. Calculate the greatest common factor of 8 and w.
8
Let n be 170/15*(-9)/(-2). What is the greatest common factor of n and 34?
17
Let a(q) = -q**3 + 9*q**2 - 7*q - 2. Let d be a(6). Suppose 4*w + 8 = z, 2*w + 3*w = -4*z + 74. Calculate the highest common factor of d and z.
16
Let x = 16 - 6. Calculate the greatest common factor of x and 10.
10
Let i be (-4)/((-8)/(-5))*-4. What is the greatest common divisor of i and 90?
10
Let r(h) = h**3 + 15*h**2 - 7*h - 27. Let b be r(-15). Calculate the greatest common factor of 12 and b.
6
Let a be (-3)/(-6) + (-6)/(-4). Suppose -16 - 8 = a*u + 2*m, 3*m - 28 = u. Let l = -4 - u. What is the greatest common divisor of l and 6?
6
Suppose -y = v - 27, 2*v + y = 55 - 6. Suppose 5*c - 3*p = 117 + 39, 2*c = -5*p + 81. What is the highest common divisor of v and c?
11
Let i(h) = h + 2. Let l be i(8). What is the highest common divisor of 50 and l?
10
Let a = 9 - 3. Suppose a*c - 65 = c. What is the greatest common factor of 26 and c?
13
Let u = 109 + -67. Calculate the greatest common factor of u and 7.
7
Suppose -5*h - 10 - 2 = 3*f, -f - 5*h - 4 = 0. Let z be f*-1*(-2)/(-4). Calculate the greatest common factor of z and 10.
2
Suppose 5*a = 6 + 19. Let d(l) = -l**2 + 4*l + 3. Let z be d(a). Let q be ((-8)/(-6))/(z/(-165)). Calculate the greatest common factor of 10 and q.
10
Suppose -d = -0*d - 4, 0 = -5*n + 5*d. Suppose 0 = -n*f + 4*u - u + 27, 3*u = -3*f + 36. What is the greatest common factor of f and 27?
9
Suppose g - 29 - 28 = -4*v, 3*g = 5*v - 67. Suppose -4*k = -54 - 86. What is the highest common divisor of k and v?
7
Let c be (2/(-6))/((-5)/90). Let u = c + -1. Let m be u/1 + -2 - 1. Calculate the greatest common divisor of m and 3.
1
Let p(z) = -6*z**3 - z**2 - 2*z - 3. Let o be p(-2). Let n be 12*((-7)/(-2) + -1). Let l = n + -12. Calculate the greatest common factor of o and l.
9
Let p(i) = i**3 + 7*i**2 + 7*i + 3. Let n be p(-6). Let c be ((-10)/3)/(n/54). What is the greatest common factor of c and 15?
15
Suppose 5*l + 4 = -2*r, r = -4*l - 1 - 1. Let z(g) = g + 60. Let p be z(l). What is the highest common factor of p and 10?
10
Suppose 3*z + 3*z - 144 = 0. Calculate the highest common divisor of z and 120.
24
Let q(v) = 2*v - 1. Let s be q(3). Suppose -165 = -3*n + 5*f, -2*f = s*n + 3*f - 235. Calculate the greatest common factor of n and 10.
10
Let j(v) = v**3 + 29*v**2 - 29*v + 69. Let l be j(-30). Calculate the greatest common divisor of 429 and l.
39
Suppose -2 = 3*q - 5*q. Calculate the greatest common factor of 5 and q.
1
Let s be 4 - 98/21 - (-70)/6. Calculate the greatest common factor of s and 110.
11
Suppose 2*h + 1 = 7. Calculate the highest common factor of 33 and h.
3
Let r = 33 - 27. What is the highest common factor of r and 54?
6
Suppose 0 = 5*o - 19 - 16. Let z be (-18)/63 - (-205)/o. Calculate the highest common factor of z and 319.
29
Suppose 4*s - 3*c - 11 = 0, -4 + 16 = 4*s - 4*c. Let h = 6 + 3. Suppose 5*d + 3*m = 3*d + h, d - 11 = 5*m. What is the highest common factor of s and d?
2
Let w(o) = -o + 12. Let y be w(5). Suppose -19*i = -14*i - 245. What is the greatest common divisor of y and i?
7
Suppose k - 8 = -k. Suppose -3*w + 2*y = -34, -k*y + 54 + 10 = 5*w. Calculate the highest common divisor of w and 12.
12
Suppose 0*j + 4*j = 76. What is the highest common factor of 57 and j?
19
Let k = 7 + 6. What is the greatest common factor of k and 91?
13
Let y = 10 + -7. Let c be y/(-12) - (-69)/4. What is the greatest common divisor of c and 153?
17
Suppose -4*f - f = -15, -4*v + 3*f + 15 = 0. Let u(n) = 28*n - 232. Let i be u(10). What is the highest common factor of v and i?
6
Suppose o + 3*o = 160. Calculate the greatest common factor of 100 and o.
20
Suppose 0*f + 26 = 2*h - f, -h + 31 = 4*f. What is the highest common factor of 5 and h?
5
Suppose 3*m + 5*i - 7 = 0, 3 + 23 = 2*m - 2*i. What is the highest common factor of 81 and m?
9
Let n = 1 + 7. What is the highest common divisor of 88 and n?
8
Let t be -3 + ((-12)/1)/(-3). What is the highest common divisor of t and 3?
1
Suppose 9 = -5*x + 2*x, -4*x = -4*o + 24. Suppose -28 = -v - o*v. What is the greatest common factor of v and 7?
7
Let j(u) = -2*u + 6. Let n be j(6). Let b(i) = -i - 3 + i - 4*i. Let z be b(n). What is the highest common factor of z and 7?
7
Let q be 88/(-8) - (-1 - 0). Let g = -3 - q. What is the highest common divisor of g and 7?
7
Let y(c) = 8*c. Let h be y(6). Let i(q) = 0*q + 2 - 4*q + 2*q. Let f be i(-5). Calculate the greatest common factor of h and f.
12
Suppose -14*l = -3*l - 33. What is the greatest common factor of 15 and l?
3
Let f = -6 + 42. Let d(u) = -3*u - 12. Let w be d(-12). What is the highest common factor of f and w?
12
Suppose 0 = 5*u - 56 + 11. Calculate the greatest common divisor of u and 27.
9
Let p(w) = w**3 - 6*w**2 - 2*w + 14. Let l be p(6). Suppose -27 = -z - l*z. What is the greatest common divisor of z and 27?
9
Suppose -4*z - 3*i - 3 = 0, -5*i + 8 = -7. Let b be 3/4*(7 + z). Suppose b + 2 = 5*t. What is the highest common factor of 3 and t?
1
Let b(z) = -31*z - 1. Let x be b(-5). Suppose 5*i - x = r, 2*i - 5*r = 37 + 43. What is the highest common factor of i and 10?
10
Suppose 0 = 5*s - 15 + 60. Let l = 12 + s. What is the greatest common factor of 6 and l?
3
Suppose -88*n + 12 = -85*n. What is the greatest common factor of n and 1?
1
Suppose -4*q + 204 = 5*a, 2*q + 3*a - 104 = a. What is the greatest common factor of q and 14?
14
Let x(b) = -5*b - 5. Let u be x(-5). Let p = 18 + 12. Calculate the highest common divisor of u and p.
10
Suppose 26 = l + z, 0*l = -5*l + 3*z + 130. Calculate the highest common divisor of l and 130.
26
Let b = -118 + 186. What is the greatest common factor of b and 17?
17
Suppose 4*p = p. Let s be p/(2 - 1) - -4. Suppose -k + s = k. Calculate the highest common factor of 2 and k.
2
Let t = -225 + 239. Let j be 6/8 - 2/(-8). Let m be (j - -2 - 2) + 34. What is the greatest common factor of t and m?
7
Suppose -2*c = -c - 3*a + 11, a - 1 = 0. Let l be (c/6 + 4)*3. What is the highest common divisor of l and 88?
8
Suppose -2*o - o = -660. Suppose -5*y + o + 180 = 0. Calculate the greatest common divisor of 10 and y.
10
Let b = 17 - 8. Let n = -941 - -665. Let a be 4/(-10) + n/(-15). Calculate the highest common factor of b and a.
9
Let k(a) = -a - 4. Let v be k(0). Let p be v/(-18) + 68/18. Suppose 0 = -f + 12 + 24. What is the highest common factor of p and f?
4
Let b be (-54)/(-15) + 12/30. Calculate the highest common divisor of b and 24.
4
Suppose -w = 2*w - 330. Suppose 2*i - 16 = -2*h, -h + i + 0 = -12. Calculate the highest common factor of h and w.
10
Suppose -3*v = -6 + 3. What is the highest common factor of 2 and v?
1
Suppose 4*g - g = -12. Let m be 18/g*(-32)/12. What is the highest common factor of 48 and m?
12
Suppose 2*p - 9 = -p. Suppose -2*t + 60 = 6. Suppose 3*o - t = 2*o. Calculate the greatest common factor of o and p.
3
Suppose 4*l + 24 = -0*l. Let y be l/14 + (-62)/(-14). Calculate the highest common divisor of y and 28.
4
Let q be ((52/(-3))/(-13))/((-4)/(-3)). Calculate the greatest common divisor of 7 and q.
1
Let v be (-4)/6*(-135)/6. Calculate the greatest common divisor of v and 15.
15
Let g be 8/20 + 4/(-10). Suppose g*a + 2*a - 8 = 0. Let q be 196/10 + a/10. What is the greatest common divisor of q and 10?
10
Let w(l) = -1 + l**2 + 1 - 2 + l**2 + l. Let o be w(-3). Calculate the greatest common factor of o and 13.
13
Suppose -2*p + 33 = p. Let d = p + 13. Let g = 36 - d. What is the greatest common factor of g and 108?
12
Let l = 39 + -22. Let r(z) = -z**2 - 8*z - 11. Let y be r(-5). Suppose l = 3*b - y. Calculate the highest common divisor of b and 56.
7
Let c be (77/21)/(1/3). What is the greatest common factor of c and 77?
11
Let v = -373 - -562. Suppose 2*j = 119 + v. What is the greatest common factor of 22 and j?
22
Let b = 185 + -100. Let k be (